= -1. Calculate the remainder when 27 is divided by p.
7
Suppose 23*a - 22*a = 548. What is the remainder when a is divided by 61?
60
Suppose -67 = -4*l + 61. Let t(q) = 5*q**2 - 39*q + 121. Calculate the remainder when t(7) is divided by l.
29
Let s = 579 + -536. Calculate the remainder when 213 is divided by s.
41
Let l = 11 + -6. Suppose 2*x + 87 = l*x. Suppose -3*o + 39 = -216. Calculate the remainder when o is divided by x.
27
Suppose 0 = -h + 3*u - 1101, -4*h + u = -0*h + 4360. Calculate the remainder when -3 - (h/22 - (-3)/2) is divided by 12.
9
Let s(x) = -x**2 - 8*x + 5. Let n be s(-8). Let w = 9 + n. Calculate the remainder when w is divided by 5.
4
Let h = 1884 - 1854. Calculate the remainder when 2126 is divided by h.
26
Let p(q) = -116*q + 6. Calculate the remainder when p(-2) is divided by 46.
8
Let v = -33 - -52. Suppose 7*k + 7*k = -0*k. Suppose k = -3*o + 4*m + 14 + 36, 3*o = -5*m + 5. What is the remainder when v is divided by o?
9
Suppose 4*h = 4*p - 140 - 624, -2*p + 364 = 4*h. What is the remainder when p is divided by 65?
58
Let p = -212 - -241. Calculate the remainder when p is divided by 5.
4
Let i = -9 - -14. Suppose u - i*z + 2 = 22, 2*u = -5*z - 20. Suppose -4*h - 3*g + g + 118 = u, 5*h = -g + 146. Calculate the remainder when h is divided by 15.
14
Suppose -2*v - 72 = -5*v. Let q be ((-1140)/42)/(2/(-14)). Suppose q = 3*c - c. What is the remainder when c is divided by v?
23
What is the remainder when 137 is divided by 21/(68/(-16) + 5)?
25
Let m(l) = 5*l - 30. Suppose 0 = j - 27 - 60. Calculate the remainder when j is divided by m(15).
42
Suppose -10 = -34*h + 36*h. Calculate the remainder when 7 is divided by (6/(-6))/(1/h).
2
Let k(i) = -i**3 + 7*i**2 + 4*i - 21. What is the remainder when 308 is divided by k(6)?
35
Let k = 279 - 164. Let t = k - 42. Calculate the remainder when t is divided by 19.
16
Suppose -4*z + 39 = -4*j + 3*j, 50 = 5*z - j. Suppose 2*k = z + 7. What is the remainder when 42 is divided by k?
6
Suppose -3*z - 3*n = -n - 29, 5*z = -2*n + 43. Suppose z*w - 385 = 2*w. Calculate the remainder when w is divided by 16.
13
Let u(s) = s**2 - s + 30. Suppose -c + 3*k = -3*c - 12, -4*c - 3*k = 12. Let y(j) = j**3 - 8*j**2 + 11. What is the remainder when u(c) is divided by y(8)?
8
What is the remainder when ((-82)/(-1))/((135/9)/30) is divided by 39?
8
Suppose 2*j - 74 = 2*g, -4*g - 4*j - j = 112. Let l = g + 44. What is the remainder when 42 is divided by l?
9
Suppose 23*r = -2*r + 150. Calculate the remainder when 621 is divided by r.
3
Suppose -2*a = 8*a - 190. Calculate the remainder when 264 is divided by a.
17
Let b = -3 - -8. Suppose 3*s - 3 = -m, b*s + 0*s + 12 = 4*m. Suppose -3*n - v + 69 = 0, -46 = -5*n + m*n + 5*v. Calculate the remainder when 66 is divided by n.
20
Let m(f) = 8*f**2 + 8*f - 2. Calculate the remainder when m(10) is divided by 16.
14
Let i(x) = -3*x**3 - 15*x**2 - 5*x + 8. Let y(b) = -b**3 - 8*b**2 - 2*b + 4. Let t(g) = -2*i(g) + 5*y(g). Calculate the remainder when t(10) is divided by 3.
1
Suppose 0 = -2*s - 4*s + 96. Let o(p) = -2*p + 47. Let b(n) = n**3 - 6*n**2 - 2*n + 9. What is the remainder when b(7) is divided by o(s)?
14
Suppose -499 = 9*i - 877. What is the remainder when 83 is divided by i?
41
Let q(j) = 21*j - 636. Let d(x) = -x**3 - 2*x**2 + x - 3. What is the remainder when q(35) is divided by d(-4)?
24
Suppose 3*q - 1370 = -5*i, 0*i = 3*i + q - 818. Calculate the remainder when i is divided by 8.
7
Let x = -260 + 314. Calculate the remainder when 323 is divided by x.
53
Let i = -20 - -24. Let l = i - 1. Suppose -y = l*u - 20, -5*y + 5*u = -137 + 57. What is the remainder when 65 is divided by y?
14
Suppose -t = -3*n - 15, -t - 4*n = -11 + 31. Suppose t = 5*m - 135. What is the remainder when m is divided by 14?
13
Suppose k + 7*s = 2*s + 23, 0 = 4*k + 3*s - 24. Suppose a + k*a + h = 69, 4*h - 68 = -3*a. What is the remainder when 26 is divided by a?
10
Let d(z) = 3*z**2 - 3*z + 3. Let w be d(2). Let b(v) = -v**3 + v**2 + 8. Let j be b(0). What is the remainder when 5 is divided by w/4 + (-2)/j?
1
Let a = 223 + -202. What is the remainder when 42 is divided by a?
0
Let a(m) = -2*m**3 - 14*m**2 + m - 35. Calculate the remainder when a(-8) is divided by 40.
5
Suppose 41 - 17 = -3*n. Let d = n - -14. Calculate the remainder when 1/((-1)/(-34)*2) is divided by d.
5
Let w(o) = 14*o - 451. Let g = 16 - -25. What is the remainder when g is divided by w(33)?
8
Suppose -120 = -5*a + r - 0*r, r = -5. Let w(m) = -2*m**3 + 2*m**2 + 6*m + 5. Let y be w(-4). What is the remainder when y/3 + (-1)/((-2)/(-4)) is divided by a?
22
Let s(c) = c**2 + 18*c - 15. Let v be s(-15). What is the remainder when (2/6)/((-4)/v) is divided by 2?
1
Let m = 10 + -8. Let f(i) = 4*i**2 - i + 2. Let c be f(m). Suppose -2*p - g = -17 - c, -2*g + 30 = 2*p. Calculate the remainder when 33 is divided by p.
15
Let z = -27 + 61. Calculate the remainder when 201 is divided by z.
31
Suppose 396 = 8*w - 3*w - 2*s, -93 = -w + 5*s. Calculate the remainder when 779 is divided by w.
77
Suppose 89 + 28 = -3*n. Let i = -29 - n. What is the remainder when 39 is divided by (14 - i) + 2*5?
11
Suppose 0 = -a + 14 - 4. What is the remainder when 847/49 - 2/7 is divided by a?
7
Let l(w) be the first derivative of -3*w**2/2 - 3*w + 3. Let h be l(-2). Let d(o) = o**2 + 2*o - 4. What is the remainder when d(h) is divided by 4?
3
Let s = -295 - -318. Calculate the remainder when s is divided by 12.
11
Let z be 90/21 - (-6)/(-21). Suppose 0 = p - 0*p - z. Suppose q = -2*q - p*g + 83, -4*g - 43 = -3*q. Calculate the remainder when q is divided by 6.
3
Let k = -687 + 722. What is the remainder when k is divided by 16?
3
Suppose -p = -0 - 3. Suppose 3*z = 4*q + 34, -p*z - q = q - 10. Suppose i - z = -0*i. Calculate the remainder when 35 is divided by i.
5
Let m(t) = -t**3 - 18*t**2 - 47*t - 199. What is the remainder when 186 is divided by m(-16)?
22
Calculate the remainder when 60 is divided by -14 - -19 - 2/(-1).
4
Let y(p) = -p**3 + 9*p**2 + 4*p + 11. Let a be ((-2)/2)/((-6)/54). Calculate the remainder when y(a) is divided by 25.
22
Let k(r) = 99*r - 160. What is the remainder when 290 is divided by k(3)?
16
Suppose -4*b = 4*w - 48, -3 = -2*w - 3*b + 22. What is the remainder when w is divided by 8?
3
Let u(x) = x**2 + 26*x + 47. Let i be 20/(-16) - 1/(-4). What is the remainder when 2 - (-2 - -108)/i is divided by u(-25)?
20
Suppose d - 6*a = 141, 5*a - 75 = -2*d + 156. What is the remainder when d is divided by (4/(-6))/(6/(-279))?
30
Suppose 10*m - 1247 = 213. Suppose 4*l - 152 = -z, 0*l - 4*l + 160 = 3*z. What is the remainder when m is divided by l?
35
Let g = -569 + 605. What is the remainder when 179 is divided by g?
35
Suppose 2 = y - 0*y. Suppose -9953 + 37283 = -6*t. What is the remainder when y/(-9) + t/(-45) is divided by 26?
23
Let x be -33*(-1)/(1 + 0). Suppose 4*q - x = 87. Calculate the remainder when 116 is divided by q.
26
Suppose 447*t - 510 = 432*t. What is the remainder when t is divided by 9?
7
Suppose -3*g + 4*l = -66, g - 7*l + 2*l = 33. Calculate the remainder when 67 is divided by g.
13
Let o be 9/5 - (11/(-5) + 2). Suppose -g + 10 = -h, -4*g + o*h + 6 = -40. What is the remainder when 63 is divided by g?
11
Suppose 11*z + 8 = 206. Calculate the remainder when 196 is divided by z.
16
Suppose 0 = -5*n + q - 42 + 278, n = 4*q + 32. Let c = 27 + -45. Let j = 35 + c. Calculate the remainder when n is divided by j.
14
Suppose -5*y + 2*j = -100, -21 = -4*y + 4*j + 71. Suppose 0 = -3*n - 2*w + 89, 4*w + 33 = 13. What is the remainder when n is divided by y?
15
Suppose 4*z = 10 + 6, 22 = 2*m + 3*z. Suppose -11 = -m*s + 14. What is the remainder when 2/(-7) - 163/(-7) is divided by s?
3
Suppose -7*q = -260 - 132. Calculate the remainder when 107 is divided by q.
51
Let f = 200 - 126. Let d = -39 + f. Calculate the remainder when 103 is divided by d.
33
Let b(z) = -z + 19. Let k be b(-9). Suppose -k = 10*p - 17*p. Suppose -5*o = -3*m + m - 95, -p*m = -3*o + 57. Calculate the remainder when o is divided by 5.
4
Let w(i) = -14*i**3 + 9*i**2 + 2*i - 4. What is the remainder when w(-2) is divided by 129?
11
Calculate the remainder when 163 is divided by 41 - 4/(16/(-44)).
7
Let x be (-6)/(-1) + (0 - 1). 